{"id":9322,"date":"2025-10-21T16:00:18","date_gmt":"2025-10-21T14:00:18","guid":{"rendered":"https:\/\/aagy.de\/?page_id=9322"},"modified":"2025-10-21T16:07:02","modified_gmt":"2025-10-21T14:07:02","slug":"archiv-jugend-trainiert-fuer-olympia-paraolympics","status":"publish","type":"page","link":"https:\/\/aagy.de\/?page_id=9322","title":{"rendered":"Archiv: Jugend trainiert f\u00fcr Olympia &#038; Paraolympics"},"content":{"rendered":"<div style=\"text-align:justify\">\n<h4>JtfO Volleyball U18: Die erste Teilnahme der Volleyballm\u00e4dels an der Hallenrunde f\u00fchrt bis ins Landesfinale<\/h4>\n<p><em>Einen gro\u00dfartigen Erfolg f\u00fcr unsere Schule erzielten mit dem Einzug ins Landesfinale in diesem Jahr unsere Volleyballm\u00e4dels U18 (bis zum Jahrgang 2008).<\/em><br \/>\n&nbsp;<br \/>\nZum ersten Mal starteten Mertha, Mailien, Julina, Mila, Mia, Merit, Marla, Sophie und als Unterst\u00fctzung auch Morena in diesem Jahr in der Hallenrunde des Wettkampfes JtfO U18 weiblich.<br \/>\nDas Vorrundenturnier fand am 13.12.24 in der eigenen Sporthalle statt, so dass wir die gegnerischen Mannschaften Ditzingen, Winnenden und Backnang erstmals bei uns in B\u00f6nnigheim begr\u00fc\u00dfen durften und sogar zeitweise in den Genuss von Zuschauern kamen.<br \/>\nLennert, Claudia und Lea pr\u00e4gten das Turnier durch ihren tatkr\u00e4ftigen Einsatz als Helfer beim Auf- und Abbau sowie als permanente Schiedsrichter.<br \/>\nDie Stimmung war gut, die Punkte waren hei\u00df umk\u00e4mpft und die Spiele teilweise von starken Ballwechseln gepr\u00e4gt. Die M\u00e4dels punkteten v.a. mit sehr starken Aufschl\u00e4gen. Letztendlich gewann unsere Mannschaft das Vorrundenturnier souver\u00e4n und zog verdient ins RB-Finale ein.<br \/>\n&nbsp;<br \/>\nDas RB-Finale fand am 10.2.25 gleichzeitig f\u00fcr die Jungs und M\u00e4dels des U18-Wk als gro\u00dfes Event in Weikersheim statt, was f\u00fcr uns eine recht lange Anreise bedeutete, die wir aber gemeinsam mit den Jungs des Goethe-Gymnasiums aus LB in einem bequemen Reisebus antreten durften. Schon beim Betreten der Halle wurde klar, dass hier &#8211; insbesondere bei den M\u00e4dchen &#8211; ein sehr hohes Niveau herrschte.<br \/>\nDementsprechend umk\u00e4mpft und sowohl k\u00f6rperlich als auch mental anstrengend gestalteten sich die Spielverl\u00e4ufe, in denen sich \u201eunsere M\u00e4dels\u201c gegen den Gastgeber Weikersheim, gegen Ebersbach, Bad Mergentheim Fils, das K\u00f6nigin-Charlotte-Gymnasium Stuttgart und das Sch\u00f6nbuch-Gymnasium Holzgerlingen durchsetzen mussten. Mailien fehlte leider krankheitsbedingt. Merit spielte trotz gerade erst \u00fcberstandener Krankheit, was wir ihr bis heute hoch anrechnen. Lennert unterst\u00fctzte die Mannschaft als Betreuer und Coach und h\u00e4tte wohl am liebsten selbst gespielt.<br \/>\n&nbsp;<br \/>\nDas Finale h\u00e4tte dann spannender nicht sein k\u00f6nnen. Der erste Satz ging souver\u00e4n ans AAG. Im zweiten Satz lag unsere Mannschaft dann aber von Anfang an und immer wieder zur\u00fcck und fand nicht mehr zu ihrer gewohnten Spiel- und Schlagkraft. Sicherlich spielte hier die k\u00f6rperliche Ersch\u00f6pfung des langen Tages eine Rolle. Die M\u00e4dels schafften es aber dann tats\u00e4chlich, ihr mentales Tief gemeinsam zu \u00fcberwinden und ihre Kraftreserven zu mobilisieren. Sie drehten den Satz und zogen ins Landesfinale ein. <\/p>\n<p><center><a href=\"https:\/\/aagy.de\/wp-content\/uploads\/2025\/05\/VB1.jpg\"><img decoding=\"async\" src=\"https:\/\/aagy.de\/wp-content\/uploads\/2025\/05\/VB1.jpg\" style=\"margin: 5px 5px 5px 0px; width:40%\"><\/a><a href=\"https:\/\/aagy.de\/wp-content\/uploads\/2025\/05\/VB3.jpg\"><img decoding=\"async\" src=\"https:\/\/aagy.de\/wp-content\/uploads\/2025\/05\/VB3.jpg\" style=\"margin: 5px 0px 5px 0px;width:40%\"><\/a><\/center><br \/>\nAm 25.3.25 fand schlie\u00dflich das Landesfinale in Heidelberg statt. Die Zugfahrt startete bereits fr\u00fchmorgens, so dass wir zwar m\u00fcde, aber p\u00fcnktlich in Heidelberg ankamen. Bereits am Bahnhof trafen wir auf die M\u00e4dchen-Mannschaft des Wirtemberg Gymnasiums Stuttgart, welche aus Elite-Kader-Athletinnen bestand und deshalb eine Wildcard f\u00fcr dieses Landesfinale erhalten hatte.<br \/>\nOb das die Motivation schm\u00e4lerte? Den mentalen Zustand beeinflusste?<br \/>\nDas wird wohl ein Geheimnis bleiben. Fest steht, dass die M\u00e4dels-Mannschaft des AAG an diesem Tag weit unter ihrem eigentlichen Niveau blieb und weder ihr spielerisches K\u00f6nnen noch ihre mentale St\u00e4rke zeigen konnte. So unterlagen die M\u00e4dels in den ersten beiden Spielen gegen Pforzheim und Freiburg und konnten sich auch gegen Meersburg nicht durchsetzen. Schlie\u00dflich mussten sie sich mit dem 6. Platz zufriedengeben. Es gibt Tage, an denen soll es einfach nicht sein.<br \/>\nTrotzdem: Ihr habt es unter die 6 besten Mannschaften von Baden-W\u00fcrttemberg geschafft und k\u00f6nnt m\u00e4chtig stolz auf euch sein! Herzlichen Gl\u00fcckwunsch!\n<\/div>\n<div style=\"text-align:right\">Ps<\/div>\n<p>&nbsp;<\/p>\n<hr>\n<p>&nbsp;<\/p>\n<h4>2. Platz beim RB-Finale WKII JtfO Beachvolleyball<\/h4>\n<div style=\"text-align:justify\">Am 27.6.2024 traten wir wieder als Mixed-Mannschaft im offiziellen Wettkampfmodus des WK II (U18) an. Mit Mertha Raducki, Jakob K\u00e4\u00dfmann, Luca Tondodimamma und Felix Schmitt kamen gleich vier Neuzug\u00e4nge ins Team, w\u00e4hrend Lennert Raducki, Mia Schleicher, Mila Blannarsch und Claudia Laz\u00e0r schon beinahe als \u201ealte Hasen\u201c auftreten konnten:<\/p>\n<p><center><a href=\"https:\/\/www.aagy.de\/wp-content\/uploads\/2024\/06\/Volleyball.jpeg\"><img decoding=\"async\" src=\"https:\/\/www.aagy.de\/wp-content\/uploads\/2024\/06\/Volleyball.jpeg\" style=\"width:66%\"><\/a><\/center><br \/>\nMit extremem Einsatz, mit Spielfreude, einem tollen Miteinander und nat\u00fcrlich mit viel spielerischem Geschick konnten wir trotz Hitze zwei Spiele in allen drei parallel stattfindenden Begegnungen souver\u00e4n f\u00fcr uns entscheiden.<br \/>\nLediglich im Spiel um Platz 1 mussten wir uns gegen stark spielende Fellbacher geschlagen geben.<br \/>\nAber auch hier konnten v.a. das Mixed-Team und das M\u00e4dchenteam \u00fcber weite Strecken mithalten und zweimal wieder herankommen, bevor sie dann den Fellbachern unterlagen.<\/p>\n<p>F\u00fcr das Landesfinale hat es deshalb nicht gereicht, aber: <b>Wir nehmen einen erfolgreichen 2. Platz mit nach Hause!<\/b>\n<\/div>\n<div style=\"text-align:right\">Ps<\/div>\n<p>&nbsp;<\/p>\n<hr>\n<p>&nbsp;<\/p>\n<h4>3. Platz im Kreisfinale (Handball)<\/h4>\n<div style=\"text-align:justify\">Am 17. Januar 2025 sind wir mit Bus und Bahn nach Markgr\u00f6ningen zum Handballturnier von Jugend trainiert f\u00fcr Olympia (M\u00e4dchen U16) gefahren.<br \/>\nUnsere Gegner waren die Mannschaften des Friedrich-Schiller-Gymnasiums Marbach, des Otto-Hahn-Gymnasiums Ludwigsburg und der Realschule Markgr\u00f6ningen. Das erste Spiel gegen Marbach haben wir leider mit 16:4 verloren.<br \/>\nIm zweiten Spiel hat uns das OHG mit 21:9 besiegt. Aber da das OHG eine Sportschule ist, fanden wir das nicht so schlimm. Das dritte und letzte Spiel haben wir gegen den Ausrichter Markgr\u00f6ningen gespielt. Die M\u00e4dchen aus Markgr\u00f6ningen wurden lautstark mit Trommeln von ihren Mitsch\u00fclern angefeuert. Trotzdem haben wir das Spiel deutlich f\u00fcr uns entscheiden k\u00f6nnen!<br \/>\nAm Ende gewann das OHG das Turnier. Die M\u00e4dchen d\u00fcrfen jetzt den Kreis Ludwigsburg im RB-Finale vertreten. Unsere Mannschaft wurde Dritter. Trotzdem hatten wir w\u00e4hrend, aber auch zwischen den Spielen sehr viel Spa\u00df!<br \/>\nEin gro\u00dfer Dank geht auch an Herr Kugel, der uns begleitet und gute Tipps gegeben hat.\n<\/div>\n<div style=\"text-align:right\">Lisa Sotzny und Johanna Rothenburger<\/div>\n<p>&nbsp;<\/p>\n<hr>\n<p>&nbsp;<\/p>\n<h4>AAG bei &#8222;Jugend trainiert&#8220; dabei! (Tennis)<\/h4>\n<div style=\"text-align:justify\">Die Tennissaison startet in diesen Tagen in den Tennisvereinen der Region und so ist auch der Schulsportwettbewerb Jugend trainiert f\u00fcr Olympia&#038;Paralympics in der Sportart Tennis aus den Startl\u00f6chern gekommen.<\/p>\n<p>Das Alfred-Amann-Gymnasium B\u00f6nnigheim (AAG) tritt in diesem Schuljahr mit drei Mannschaften an. Die M\u00e4dchen sind gegen das Hohenstaufen-Gymnasium Bad-Wimpfen gut gestartet, mit einem 4:2 d\u00fcrfen sich Marilia Foustani, Pia Reip, Mia Schleicher und Tamara Ullrich auf ihre n\u00e4chsten Gegnerinnen freuen, die aus der Partie Lessing-Gymnasium Winnenden gegen M\u00f6rike-Gymnasium G\u00f6ppingen ermittelt werden.<\/p>\n<p>Die beiden Jungen-Teams des AAG treten in ihren Altersklassen gegen das Friedrich-Schiller-Gymnasium Marbach am Neckar (U18) und das Geschwister-Scholl-Gymnasium Stuttgart (U16) an.<\/p>\n<p>\u201eUnser Gymnasium ist nach der Handballrunde nun in der Sportart Tennis unterwegs, wir hoffen auf weitere Starts im Beachvolleyball und Leichtathletik\u201c, zeigen sich Jan Kugel und Christian Efler von der Fachschaft Sport zuversichtlich.<\/p>\n<p>Das AAG-Team mit ihren Gegnerinnen aus Bad Wimpfen:<br \/>\n<center><a href=\"https:\/\/www.aagy.de\/wp-content\/uploads\/2024\/05\/AAG_JTFO_Tennis_WKIIIw_2024-scaled.jpg\"><img decoding=\"async\" src=\"https:\/\/www.aagy.de\/wp-content\/uploads\/2024\/05\/AAG_JTFO_Tennis_WKIIIw_2024-scaled.jpg\" style=\"width:60%\"><\/a><\/center>\n<\/div>\n<div style=\"text-align:right\">Ef<\/div>\n<p>&nbsp;<\/p>\n<hr>\n<p>&nbsp;<\/p>\n<h4>Jugend trainiert f\u00fcr Olympia&#038;Paralympics: Handball<\/h4>\n<p><b>B\u00f6nnigheimerinnen mit geschlossener Mannschaftsleistung weiter!<\/b><\/p>\n<div style=\"text-align:justify\">Das, was die deutschen Handballm\u00e4nner bei der zurzeit stattfindenden Europameisterschaft auch erreicht haben, schafften die M\u00e4dchen vom Alfred-Amann-Gymnasium (AAG) B\u00f6nnigheim ebenfalls: Das Erreichen der n\u00e4chsten Wettbewerbsrunde. Dabei war mit diesem AAG-Erfolg im Vorfeld nicht unbedingt zu rechnen. <\/p>\n<p>Beim Schulsportwettbewerb Jugend trainiert f\u00fcr Olympia&#038;Paralympics war die M\u00e4dchenmannschaft des AAG beim Kreisfinale in Herrenberg erfolgreich und zog aufgrund einer geschlossenen Mannschaftsleistung verdienterma\u00dfen in das Finale auf Regierungsbezirksebene (RB) ein. In der Altersklasse U14 (Jahrg\u00e4nge 2011 und j\u00fcnger) nahm das B\u00f6nnigheimer Gymnasium nach l\u00e4ngerer Pause wieder einmal teil.<\/p>\n<p>Am Ende des Kreisfinalwettbewerbs belegten die AAG-M\u00e4dchen den zweiten Rang hinter dem gastgebenden Andreae-Gymnasium Herrenberg. Nach Siegen gegen das Ernst-Siegle-Gymnasium Kornwestheim (11:10), dem Gymnasium Renningen (13:6) und das Albert-Schweitzer-Gymnasium aus Leonberg (12:5) kam es zu einem Endspiel um den Gruppensieg gegen die Herrenbergerinnen. Diese erwiesen sich aber als zu stark f\u00fcr die B\u00f6nnigheimerinnen, das Endergebnis war ein klares 10:24.<\/p>\n<p>Der Freude \u00fcber das Erreichen des RB-Finals tat die klare Niederlage aber keinen Abbruch, sondern wird sicher ein Ansporn f\u00fcr das weitere Training innerhalb der Handball-AG des B\u00f6nnigheimer Gymnasium sein. Gespannt darf man nun auf die kommenden Gegner sein, wenn es um den Einzug in das Landesfinale Baden-W\u00fcrttemberg geht.<\/p>\n<p>Mit dabei waren: Calla Bailer, Natalie Balija, Sara Bozdam, Chiara Fath, Lorena Judt, Merle Otten, Johanna Rogo, Johanna Rothenburger, Vesna Salzer und Frieda Stalla. Betreuer waren die Sportlehrer Jan Kugel und Christian Efler.<\/p><\/div>\n<p><center><a href=\"https:\/\/www.aagy.de\/wp-content\/uploads\/2024\/01\/Interessierte-Beobachterinnen.jpg\"><img decoding=\"async\" src=\"https:\/\/www.aagy.de\/wp-content\/uploads\/2024\/01\/Interessierte-Beobachterinnen.jpg\" style=\"width:66%\"><\/a><br \/>\n<small><em>Interessierte Beobachterinnen<\/small><\/em><\/center><\/p>\n<div style=\"text-align:right\">Ef<\/div>\n<p>&nbsp;<\/p>\n<hr>\n<p>&nbsp;<\/p>\n<h4>B\u00f6nnigheimer Gymnasium im Halbfinale (Tennis)<\/h4>\n<div style=\"text-align:justify\">Eine \u00dcberraschung gelang den Tennisspielern des Alfred-Amann-Gymnasiums (AAG) B\u00f6nnigheim beim Schulsportwettbewerb Jugend trainiert f\u00fcr Olympia\/Paralympics: Gegen die Auswahl des Friedrich-Schiller-Gymnasiums Marbach gewann in der Wettkampfklasse (WK) III das AAG-Team mit 4:2 und zog damit in das Halbfinale im Regierungsbezirk Stuttgart. Felix Schmitt und Julian Sch\u00e4fer holten zwei Einzelpunkte zum zwischenzeitlichen 2:2. In den Doppeln zeigten die B\u00f6nnigheimer Sch\u00fcler wieder gro\u00dfen Kampfgeist und mannschaftliche Geschlossenheit und so konnten beide Matches gewonnen werden. Auch Marlon Br\u00fcckner und Fabian Stolz trugen somit zum Gesamterfolg bei.<\/div>\n<p><center><a href=\"https:\/\/www.aagy.de\/wp-content\/uploads\/2023\/05\/AAG_JTFO_Tennis-2023-WK-III_Team.jpg\"><img decoding=\"async\" src=\"https:\/\/www.aagy.de\/wp-content\/uploads\/2023\/05\/AAG_JTFO_Tennis-2023-WK-III_Team.jpg\" style=\"width:66%\"><\/a><br \/>\n<small><em>Bild v.l.n.r.: Sportlehrer Christian Efler, Fabian Stolz, Marlon Br\u00fcckner, Julian Sch\u00e4fer und Felix Schmitt<\/em><\/small><\/center><\/p>\n<div style=\"text-align:justify\" --=\"\">Im Halbfinale wartet nun das Otto-Hahn-Gymnasium (OHG) Ludwigsburg, das sich in den vergangenen Jahren als Seriensieger auszeichnete. Mehrmals konnten die Ludwigsburger das baden-w\u00fcrttembergische Landesfinale gewinnen und in der WK III als Baden-W\u00fcrttemberg-Vertreter sogar einige Male das Bundesfinale, das traditionell in der Bundeshauptstadt Berlin ausgerichtet wird, f\u00fcr sich entscheiden. H\u00f6hepunkt war im Jahr 2017 die Teilnahme des OHG-Jungen-Teams an der Schultennis-Weltmeisterschaft, die seinerzeit in Recife (Brasilien) stattfand. Kurioserweise f\u00fchrten die beiden betreuenden Sportlehrer Jonas Hartmann (OHG) und Christian Efler (AAG) die damalige deutsche Delegation in S\u00fcdamerika an. So kommt es also zu einem Aufeinandertreffen, auf das sich nat\u00fcrlich insbesondere die Sch\u00fcler beider Schulen freuen.<\/div>\n<div style=\"text-align: right\">Ef<\/div>\n<p>&nbsp;<\/p>\n<hr>\n<p>&nbsp;<\/p>\n<h4>B\u00f6nnigheimer Gymnasiasten bei Jugend trainiert eine Runde weiter! (Tennis)<\/h4>\n<div style=\"text-align:justify\">Gegen das Gymnasium Rutesheim musste das Tennis-Team des Alfred-Amann-Gymnasiums B\u00f6nnigheim (AAG) im Schulsportwettbewerb Jugend trainiert f\u00fcr Olympia und Paralympics antreten. In der Wettkampfklasse U16 der Jungen zeigten die B\u00f6nnigheimer Sch\u00fcler ihr gro\u00dfes K\u00e4mpferherz und siegten nach ausgeglichenen und \u00e4u\u00dferst spannenden Spielen mit 4:2.<\/div>\n<div style=\"clear:both\">\n<center><a href=\"https:\/\/www.aagy.de\/wp-content\/uploads\/2023\/05\/AAG_JTFO_Tennis-2023-WK-III.jpg\"><img decoding=\"async\" src=\"https:\/\/www.aagy.de\/wp-content\/uploads\/2023\/05\/AAG_JTFO_Tennis-2023-WK-III.jpg\" style=\"width: 66%\"><\/a><br \/>\n<small><em>Gruppenbild mit Betreuenden, hintere Reihe: Gymnasium Rutesheim, vordere Reihe Alfred-Amann-Gymnasium<\/em><\/small><\/center><\/p>\n<div style=\"clear:both\">\n<div style=\"text-align:justify\">Den Erfolg sicherten Felix Schmitt, Marlon Br\u00fcckner, Julian Sch\u00e4fer und Fabian Stolz. Im Viertelfinale des Wettbewerbes im Regierungsbezirk Stuttgart trifft die Mannschaft nun auf das Friedrich-Schiller-Gymnasium Marbach. \u201eKeine leichte Aufgabe, aber mit der in Rutesheim gezeigten Einstellung kann ein weiterer Erfolg durchaus gelingen\u201c, zeigt sich Sportlehrer Christian Efler optimistisch.\n<\/div>\n<\/div>\n<\/div>\n<div style=\"text-align:right\">Ef<\/div>\n<p>&nbsp;<\/p>\n<hr>\n<p>&nbsp;<\/p>\n<h4>Jugend trainiert im Tennis<\/h4>\n<div style=\"text-align:justify\">Die Schulsportwettbewerbe in den Freiluftsportarten sind wieder gestartet: Den Anfang macht am Alfred-Amann-Gymnasium (AAG) B\u00f6nnigheim die Sportart <b>Tennis<\/b>.<\/div>\n<div style=\"clear:both\">\n<p><center><a href=\"https:\/\/www.aagy.de\/wp-content\/uploads\/2023\/05\/AAG_JTFO_Tennis-2023-WK-IV.jpg\"><img decoding=\"async\" src=\"https:\/\/www.aagy.de\/wp-content\/uploads\/2023\/05\/AAG_JTFO_Tennis-2023-WK-IV.jpg\" style=\"width:66%\"><\/a><br \/>\n<small><em>Sportlehrer Christian Efler mit Mattis Schmitt, Julian Peck, Sandro Br\u00fcckner, Samuel Stumpf, Moritz und Till Adami <\/em><\/small><\/center><\/p>\n<div style=\"text-align:justify\">Wie im vergangenen Jahr hatten es die B\u00f6nnigheimer in der Altersklasse U14 wieder mit dem Robert-Mayer-Gymnasium Heilbronn zu tun. Und wieder hatten die Heilbronner am Ende des Wettspieltages die Nase vorne. Der Stimmung im Team des AAG tat die 2:4-Niederlage auf der Tennisanlage des TC Flein allerdings keinen Abbruch. Zwei Spieler, die zum ersten Mal bei Jugend trainiert aufschlugen, wurden sehr harmonisch in die Mannschaft integriert. Matcherfolge konnten Mattis Schmitt im Einzel und die Doppel-Paarung Samuel Stumpf\/Julian Peck feiern. Nach teilweise sehr spannenden Matches konnten die B\u00f6nnigheimer Gymnasiasten mit der Gewissheit die R\u00fcckreise antreten, dass sie mit Blick auf Einsatz und Engagement alles gegeben haben.<\/p>\n<\/div>\n<div style=\"text-align:right\">Ef<\/div>\n<\/div>\n","protected":false},"excerpt":{"rendered":"<p>JtfO Volleyball U18: Die erste Teilnahme der Volleyballm\u00e4dels an der Hallenrunde f\u00fchrt bis ins Landesfinale Einen gro\u00dfartigen Erfolg f\u00fcr unsere Schule erzielten mit dem Einzug ins Landesfinale in diesem Jahr [&hellip;]<\/p>\n","protected":false},"author":468,"featured_media":0,"parent":0,"menu_order":0,"comment_status":"closed","ping_status":"closed","template":"","meta":{"_uag_custom_page_level_css":"","_EventAllDay":false,"_EventTimezone":"","_EventStartDate":"","_EventEndDate":"","_EventStartDateUTC":"","_EventEndDateUTC":"","_EventShowMap":false,"_EventShowMapLink":false,"_EventURL":"","_EventCost":"","_EventCostDescription":"","_EventCurrencySymbol":"","_EventCurrencyCode":"","_EventCurrencyPosition":"","_EventDateTimeSeparator":"","_EventTimeRangeSeparator":"","_EventOrganizerID":[],"_EventVenueID":[],"_OrganizerEmail":"","_OrganizerPhone":"","_OrganizerWebsite":"","_VenueAddress":"","_VenueCity":"","_VenueCountry":"","_VenueProvince":"","_VenueState":"","_VenueZip":"","_VenuePhone":"","_VenueURL":"","_VenueStateProvince":"","_VenueLat":"","_VenueLng":"","_VenueShowMap":false,"_VenueShowMapLink":false,"footnotes":""},"class_list":["post-9322","page","type-page","status-publish","hentry"],"blocksy_meta":[],"uagb_featured_image_src":{"full":false,"thumbnail":false,"medium":false,"medium_large":false,"large":false,"1536x1536":false,"2048x2048":false},"uagb_author_info":{"display_name":"Daniel Lengwenat","author_link":"https:\/\/aagy.de\/?author=468"},"uagb_comment_info":0,"uagb_excerpt":"JtfO Volleyball U18: Die erste Teilnahme der Volleyballm\u00e4dels an der Hallenrunde f\u00fchrt bis ins Landesfinale Einen gro\u00dfartigen Erfolg f\u00fcr unsere Schule erzielten mit dem Einzug ins Landesfinale in diesem Jahr [&hellip;]","jetpack_sharing_enabled":true,"_links":{"self":[{"href":"https:\/\/aagy.de\/index.php?rest_route=\/wp\/v2\/pages\/9322","targetHints":{"allow":["GET"]}}],"collection":[{"href":"https:\/\/aagy.de\/index.php?rest_route=\/wp\/v2\/pages"}],"about":[{"href":"https:\/\/aagy.de\/index.php?rest_route=\/wp\/v2\/types\/page"}],"author":[{"embeddable":true,"href":"https:\/\/aagy.de\/index.php?rest_route=\/wp\/v2\/users\/468"}],"replies":[{"embeddable":true,"href":"https:\/\/aagy.de\/index.php?rest_route=%2Fwp%2Fv2%2Fcomments&post=9322"}],"version-history":[{"count":5,"href":"https:\/\/aagy.de\/index.php?rest_route=\/wp\/v2\/pages\/9322\/revisions"}],"predecessor-version":[{"id":9332,"href":"https:\/\/aagy.de\/index.php?rest_route=\/wp\/v2\/pages\/9322\/revisions\/9332"}],"wp:attachment":[{"href":"https:\/\/aagy.de\/index.php?rest_route=%2Fwp%2Fv2%2Fmedia&parent=9322"}],"curies":[{"name":"wp","href":"https:\/\/api.w.org\/{rel}","templated":true}]}}