{"id":8198,"date":"2024-09-15T09:28:25","date_gmt":"2024-09-15T07:28:25","guid":{"rendered":"https:\/\/www.aagy.de\/?page_id=8198"},"modified":"2025-11-09T10:35:06","modified_gmt":"2025-11-09T09:35:06","slug":"praevention","status":"publish","type":"page","link":"https:\/\/aagy.de\/?page_id=8198","title":{"rendered":"Pr\u00e4vention am AAG &#8211; Gemeinsam stark"},"content":{"rendered":"<p><center>\u201eWithout a sense of caring, there can be no sense of community.\u201c<br \/>\n(Anthony J. D&#8217;Angelo)<br \/>\n&nbsp;<br \/>\n<a href=\"https:\/\/www.aagy.de\/wp-content\/uploads\/2024\/09\/Logo.jpeg\"><img decoding=\"async\" src=\"https:\/\/www.aagy.de\/wp-content\/uploads\/2024\/09\/Logo.jpeg\" style=\"width:40%\"><\/center><\/p>\n<div style=\"text-align:justify\"><\/a>Pr\u00e4ventionsprogramme an Schulen geh\u00f6ren heute fast schon zum Alltag, denn wir begegnen immer h\u00e4ufiger Konfliktsituationen, die sich auf verschiedenen Ebenen zeigen k\u00f6nnen: im Umgang mit Medien, im sozialen Miteinander, in der eigenen Entwicklung sowie im Umgang mit Drogen und Alkohol. Doch wie kann man diesen Konfliktsituationen begegnen? Wie kann man hier den Betroffenen helfen? Und noch viel wichtiger: wie kann man vorbeugend etwas gegen diese Situationen tun? Uns als Schule ist es besonders wichtig, dass wir unseren Sch\u00fclerinnen und Sch\u00fclern gezielt Angebote an die Hand geben, die hier Abhilfe und f\u00fcr vieles ein Bewusstsein schaffen sollen. Zudem ist es uns als Schule ein Anliegen, dass die Pr\u00e4ventionsarbeit nicht nur f\u00fcr die Sch\u00fclerinnen und Sch\u00fcler stattfindet, sondern auch f\u00fcr Eltern sowie Lehrerinnen und Lehrer Angebote geschaffen werden, sodass die Erziehungsarbeit Hand in Hand geht.<\/div>\n<p><center><a href=\"https:\/\/aagy.de\/wp-content\/uploads\/2025\/11\/Unsere-Angebote.jpg\"><img decoding=\"async\" src=\"https:\/\/aagy.de\/wp-content\/uploads\/2025\/11\/Unsere-Angebote.jpg\" style=\"width:55%\"><\/a><\/center><\/p>\n<div style=\"text-align:justify\">Sie haben Fragen oder Anregungen zu unserer Pr\u00e4ventionsarbeit? Dann melden Sie sich gerne bei <a href=\"mailto:anne-kathrin.spaeth@aagy.de\"> Frau Sp\u00e4th<\/a>.\n<\/div>\n","protected":false},"excerpt":{"rendered":"<p>\u201eWithout a sense of caring, there can be no sense of community.\u201c (Anthony J. D&#8217;Angelo) &nbsp; Pr\u00e4ventionsprogramme an Schulen geh\u00f6ren heute fast schon zum Alltag, denn wir begegnen immer h\u00e4ufiger [&hellip;]<\/p>\n","protected":false},"author":468,"featured_media":0,"parent":0,"menu_order":0,"comment_status":"closed","ping_status":"closed","template":"","meta":{"_uag_custom_page_level_css":"","_EventAllDay":false,"_EventTimezone":"","_EventStartDate":"","_EventEndDate":"","_EventStartDateUTC":"","_EventEndDateUTC":"","_EventShowMap":false,"_EventShowMapLink":false,"_EventURL":"","_EventCost":"","_EventCostDescription":"","_EventCurrencySymbol":"","_EventCurrencyCode":"","_EventCurrencyPosition":"","_EventDateTimeSeparator":"","_EventTimeRangeSeparator":"","_EventOrganizerID":[],"_EventVenueID":[],"_OrganizerEmail":"","_OrganizerPhone":"","_OrganizerWebsite":"","_VenueAddress":"","_VenueCity":"","_VenueCountry":"","_VenueProvince":"","_VenueState":"","_VenueZip":"","_VenuePhone":"","_VenueURL":"","_VenueStateProvince":"","_VenueLat":"","_VenueLng":"","_VenueShowMap":false,"_VenueShowMapLink":false,"footnotes":""},"class_list":["post-8198","page","type-page","status-publish","hentry"],"blocksy_meta":[],"uagb_featured_image_src":{"full":false,"thumbnail":false,"medium":false,"medium_large":false,"large":false,"1536x1536":false,"2048x2048":false},"uagb_author_info":{"display_name":"Daniel Lengwenat","author_link":"https:\/\/aagy.de\/?author=468"},"uagb_comment_info":0,"uagb_excerpt":"\u201eWithout a sense of caring, there can be no sense of community.\u201c (Anthony J. D&#8217;Angelo) &nbsp; Pr\u00e4ventionsprogramme an Schulen geh\u00f6ren heute fast schon zum Alltag, denn wir begegnen immer h\u00e4ufiger [&hellip;]","jetpack_sharing_enabled":true,"_links":{"self":[{"href":"https:\/\/aagy.de\/index.php?rest_route=\/wp\/v2\/pages\/8198","targetHints":{"allow":["GET"]}}],"collection":[{"href":"https:\/\/aagy.de\/index.php?rest_route=\/wp\/v2\/pages"}],"about":[{"href":"https:\/\/aagy.de\/index.php?rest_route=\/wp\/v2\/types\/page"}],"author":[{"embeddable":true,"href":"https:\/\/aagy.de\/index.php?rest_route=\/wp\/v2\/users\/468"}],"replies":[{"embeddable":true,"href":"https:\/\/aagy.de\/index.php?rest_route=%2Fwp%2Fv2%2Fcomments&post=8198"}],"version-history":[{"count":11,"href":"https:\/\/aagy.de\/index.php?rest_route=\/wp\/v2\/pages\/8198\/revisions"}],"predecessor-version":[{"id":9401,"href":"https:\/\/aagy.de\/index.php?rest_route=\/wp\/v2\/pages\/8198\/revisions\/9401"}],"wp:attachment":[{"href":"https:\/\/aagy.de\/index.php?rest_route=%2Fwp%2Fv2%2Fmedia&parent=8198"}],"curies":[{"name":"wp","href":"https:\/\/api.w.org\/{rel}","templated":true}]}}