{"id":7485,"date":"2023-09-07T09:37:12","date_gmt":"2023-09-07T07:37:12","guid":{"rendered":"https:\/\/www.aagy.de\/?page_id=7485"},"modified":"2025-09-03T14:09:08","modified_gmt":"2025-09-03T12:09:08","slug":"schulplaner","status":"publish","type":"page","link":"https:\/\/aagy.de\/?page_id=7485","title":{"rendered":"Schulplaner"},"content":{"rendered":"<div style=\"text-align:justify\">Der eigens f\u00fcr das Alfred-Amann-Gymnasium entwickelte Schulplaner ist so konzipiert, dass ihn Sch\u00fclerinnen und Sch\u00fcler aller Jahrgangsstufen einsetzen k\u00f6nnen. Neben vielen Informationen \u00fcber den allgemeinen Schulalltag \u2013 z.B. Schulsanit\u00e4tsdienst oder Mittagessen in der Mensa &#8211; gibt es Seiten f\u00fcr den Stundenplan, wichtige Ansprechpartner, Geburtstagskalender, usw.<\/p>\n<p><b>Damit der Schulplaner auch auf dem Tablet eingesetzt werden kann, gibt es hier eine PDF-Version zum <a href=\"https:\/\/aagy.de\/wp-content\/uploads\/2025\/09\/AAGY_Schulplaner_2526_Tablet.pdf\">Download<\/a>.<\/b><\/p>\n<p>F\u00fcr R\u00fcckfragen und Anmerkungen steht das Schulplaner-Team um die SMV und Herrn Lengwenat gerne zur Verf\u00fcgung.<\/p>\n<\/div>\n","protected":false},"excerpt":{"rendered":"<p>Der eigens f\u00fcr das Alfred-Amann-Gymnasium entwickelte Schulplaner ist so konzipiert, dass ihn Sch\u00fclerinnen und Sch\u00fcler aller Jahrgangsstufen einsetzen k\u00f6nnen. Neben vielen Informationen \u00fcber den allgemeinen Schulalltag \u2013 z.B. Schulsanit\u00e4tsdienst oder [&hellip;]<\/p>\n","protected":false},"author":468,"featured_media":0,"parent":0,"menu_order":0,"comment_status":"closed","ping_status":"closed","template":"","meta":{"_uag_custom_page_level_css":"","_EventAllDay":false,"_EventTimezone":"","_EventStartDate":"","_EventEndDate":"","_EventStartDateUTC":"","_EventEndDateUTC":"","_EventShowMap":false,"_EventShowMapLink":false,"_EventURL":"","_EventCost":"","_EventCostDescription":"","_EventCurrencySymbol":"","_EventCurrencyCode":"","_EventCurrencyPosition":"","_EventDateTimeSeparator":"","_EventTimeRangeSeparator":"","_EventOrganizerID":[],"_EventVenueID":[],"_OrganizerEmail":"","_OrganizerPhone":"","_OrganizerWebsite":"","_VenueAddress":"","_VenueCity":"","_VenueCountry":"","_VenueProvince":"","_VenueState":"","_VenueZip":"","_VenuePhone":"","_VenueURL":"","_VenueStateProvince":"","_VenueLat":"","_VenueLng":"","_VenueShowMap":false,"_VenueShowMapLink":false,"footnotes":""},"class_list":["post-7485","page","type-page","status-publish","hentry"],"blocksy_meta":{"styles_descriptor":{"styles":{"desktop":"","tablet":"","mobile":""},"google_fonts":[],"version":6}},"uagb_featured_image_src":{"full":false,"thumbnail":false,"medium":false,"medium_large":false,"large":false,"1536x1536":false,"2048x2048":false},"uagb_author_info":{"display_name":"Daniel Lengwenat","author_link":"https:\/\/aagy.de\/?author=468"},"uagb_comment_info":0,"uagb_excerpt":"Der eigens f\u00fcr das Alfred-Amann-Gymnasium entwickelte Schulplaner ist so konzipiert, dass ihn Sch\u00fclerinnen und Sch\u00fcler aller Jahrgangsstufen einsetzen k\u00f6nnen. Neben vielen Informationen \u00fcber den allgemeinen Schulalltag \u2013 z.B. Schulsanit\u00e4tsdienst oder [&hellip;]","jetpack_sharing_enabled":true,"_links":{"self":[{"href":"https:\/\/aagy.de\/index.php?rest_route=\/wp\/v2\/pages\/7485","targetHints":{"allow":["GET"]}}],"collection":[{"href":"https:\/\/aagy.de\/index.php?rest_route=\/wp\/v2\/pages"}],"about":[{"href":"https:\/\/aagy.de\/index.php?rest_route=\/wp\/v2\/types\/page"}],"author":[{"embeddable":true,"href":"https:\/\/aagy.de\/index.php?rest_route=\/wp\/v2\/users\/468"}],"replies":[{"embeddable":true,"href":"https:\/\/aagy.de\/index.php?rest_route=%2Fwp%2Fv2%2Fcomments&post=7485"}],"version-history":[{"count":7,"href":"https:\/\/aagy.de\/index.php?rest_route=\/wp\/v2\/pages\/7485\/revisions"}],"predecessor-version":[{"id":9056,"href":"https:\/\/aagy.de\/index.php?rest_route=\/wp\/v2\/pages\/7485\/revisions\/9056"}],"wp:attachment":[{"href":"https:\/\/aagy.de\/index.php?rest_route=%2Fwp%2Fv2%2Fmedia&parent=7485"}],"curies":[{"name":"wp","href":"https:\/\/api.w.org\/{rel}","templated":true}]}}