{"id":737,"date":"2015-12-04T17:07:30","date_gmt":"2015-12-04T16:07:30","guid":{"rendered":"http:\/\/www.aagy.de\/wp\/?page_id=737"},"modified":"2023-02-27T20:31:37","modified_gmt":"2023-02-27T19:31:37","slug":"ski-schullandheim","status":"publish","type":"page","link":"https:\/\/aagy.de\/?page_id=737","title":{"rendered":"Ski-Schullandheim"},"content":{"rendered":"<p><center><img decoding=\"async\" src=\"https:\/\/www.aagy.de\/wp-content\/uploads\/2019\/05\/VALS-1024x576.jpg\"><\/center><\/p>\n<div style=\"text-align:justify\">\nDas Skischullandheim des AAG findet allj\u00e4hrlich als optionales Winterschullandheim der Klasse 7 in Vals im Jochtal (S\u00fcdtirol) statt. W\u00e4hrend der Durchf\u00fchrung sind wir in den Pensionen &#8222;Sonneck&#8220; und &#8222;Tasa&#8220; in unmittelbarer Pistenn\u00e4he untergebracht. Als erfahrenes Team mit vielen von DSLV und DSV ausgebildeten Ski- und Snowboardlehrern sowie einem speziellen p\u00e4dagogischen Konzept sorgen wir auf spielerische und motivierende Weise daf\u00fcr, dass unsere Sch\u00fcler rasche Lernerfolge erzielen.<\/div>\n","protected":false},"excerpt":{"rendered":"<p>Das Skischullandheim des AAG findet allj\u00e4hrlich als optionales Winterschullandheim der Klasse 7 in Vals im Jochtal (S\u00fcdtirol) statt. W\u00e4hrend der Durchf\u00fchrung sind wir in den Pensionen &#8222;Sonneck&#8220; und &#8222;Tasa&#8220; in [&hellip;]<\/p>\n","protected":false},"author":1,"featured_media":0,"parent":0,"menu_order":0,"comment_status":"closed","ping_status":"closed","template":"","meta":{"_uag_custom_page_level_css":"","_EventAllDay":false,"_EventTimezone":"","_EventStartDate":"","_EventEndDate":"","_EventStartDateUTC":"","_EventEndDateUTC":"","_EventShowMap":false,"_EventShowMapLink":false,"_EventURL":"","_EventCost":"","_EventCostDescription":"","_EventCurrencySymbol":"","_EventCurrencyCode":"","_EventCurrencyPosition":"","_EventDateTimeSeparator":"","_EventTimeRangeSeparator":"","_EventOrganizerID":[],"_EventVenueID":[],"_OrganizerEmail":"","_OrganizerPhone":"","_OrganizerWebsite":"","_VenueAddress":"","_VenueCity":"","_VenueCountry":"","_VenueProvince":"","_VenueState":"","_VenueZip":"","_VenuePhone":"","_VenueURL":"","_VenueStateProvince":"","_VenueLat":"","_VenueLng":"","_VenueShowMap":false,"_VenueShowMapLink":false,"footnotes":""},"class_list":["post-737","page","type-page","status-publish","hentry"],"blocksy_meta":{"styles_descriptor":{"styles":{"desktop":"","tablet":"","mobile":""},"google_fonts":[],"version":6}},"uagb_featured_image_src":{"full":false,"thumbnail":false,"medium":false,"medium_large":false,"large":false,"1536x1536":false,"2048x2048":false},"uagb_author_info":{"display_name":"admin","author_link":"https:\/\/aagy.de\/?author=1"},"uagb_comment_info":0,"uagb_excerpt":"Das Skischullandheim des AAG findet allj\u00e4hrlich als optionales Winterschullandheim der Klasse 7 in Vals im Jochtal (S\u00fcdtirol) statt. W\u00e4hrend der Durchf\u00fchrung sind wir in den Pensionen &#8222;Sonneck&#8220; und &#8222;Tasa&#8220; in [&hellip;]","jetpack_sharing_enabled":true,"_links":{"self":[{"href":"https:\/\/aagy.de\/index.php?rest_route=\/wp\/v2\/pages\/737","targetHints":{"allow":["GET"]}}],"collection":[{"href":"https:\/\/aagy.de\/index.php?rest_route=\/wp\/v2\/pages"}],"about":[{"href":"https:\/\/aagy.de\/index.php?rest_route=\/wp\/v2\/types\/page"}],"author":[{"embeddable":true,"href":"https:\/\/aagy.de\/index.php?rest_route=\/wp\/v2\/users\/1"}],"replies":[{"embeddable":true,"href":"https:\/\/aagy.de\/index.php?rest_route=%2Fwp%2Fv2%2Fcomments&post=737"}],"version-history":[{"count":5,"href":"https:\/\/aagy.de\/index.php?rest_route=\/wp\/v2\/pages\/737\/revisions"}],"predecessor-version":[{"id":7153,"href":"https:\/\/aagy.de\/index.php?rest_route=\/wp\/v2\/pages\/737\/revisions\/7153"}],"wp:attachment":[{"href":"https:\/\/aagy.de\/index.php?rest_route=%2Fwp%2Fv2%2Fmedia&parent=737"}],"curies":[{"name":"wp","href":"https:\/\/api.w.org\/{rel}","templated":true}]}}