{"id":6519,"date":"2022-10-01T11:31:43","date_gmt":"2022-10-01T09:31:43","guid":{"rendered":"https:\/\/www.aagy.de\/?page_id=6519"},"modified":"2022-10-01T11:48:00","modified_gmt":"2022-10-01T09:48:00","slug":"archiv-2","status":"publish","type":"page","link":"https:\/\/aagy.de\/?page_id=6519","title":{"rendered":"Archiv"},"content":{"rendered":"<div style=\"text-align:justify\">\n<em>Auf dieser Seite finden Sie alle Berichte \u00fcber die bereits etwas l\u00e4nger zur\u00fcckliegenden Sch\u00fcleraustausche:<\/em><\/p>\n<hr>\n<h4>Englandaustausch<\/h4>\n<p><b>Juni 2016<\/b>: Den Bericht finden Sie <a href=\"https:\/\/www.aagy.de\/wp-content\/uploads\/2017\/05\/Austauschbericht-mit-dem-Catmose-College-in-Oakham.pdf\">hier<\/a>.<\/p>\n<hr>\n<h4>Frankreichaustausch<\/h4>\n<p><b>Dezember 2015<\/b>: Den Bericht finden Sie <a href=\"https:\/\/www.aagy.de\/wp-content\/uploads\/2022\/10\/Frankreichaustasuch_Dez2015.pdf\">hier<\/a>.<\/p>\n<hr>\n<h4>Italienaustausch<\/h4>\n<p><b>November 2015<\/b>: Den Bericht finden Sie <a href=\"https:\/\/www.aagy.de\/?p=692\">hier<\/a>.<br \/>\n<b>M\u00e4rz 2016<\/b>: Den Bericht finden Sie <a href=\"https:\/\/www.aagy.de\/?p=1101\">hier<\/a>.<\/p>\n<\/div>\n","protected":false},"excerpt":{"rendered":"<p>Auf dieser Seite finden Sie alle Berichte \u00fcber die bereits etwas l\u00e4nger zur\u00fcckliegenden Sch\u00fcleraustausche: Englandaustausch Juni 2016: Den Bericht finden Sie hier. Frankreichaustausch Dezember 2015: Den Bericht finden Sie hier. [&hellip;]<\/p>\n","protected":false},"author":468,"featured_media":0,"parent":0,"menu_order":0,"comment_status":"closed","ping_status":"closed","template":"","meta":{"_uag_custom_page_level_css":"","_EventAllDay":false,"_EventTimezone":"","_EventStartDate":"","_EventEndDate":"","_EventStartDateUTC":"","_EventEndDateUTC":"","_EventShowMap":false,"_EventShowMapLink":false,"_EventURL":"","_EventCost":"","_EventCostDescription":"","_EventCurrencySymbol":"","_EventCurrencyCode":"","_EventCurrencyPosition":"","_EventDateTimeSeparator":"","_EventTimeRangeSeparator":"","_EventOrganizerID":[],"_EventVenueID":[],"_OrganizerEmail":"","_OrganizerPhone":"","_OrganizerWebsite":"","_VenueAddress":"","_VenueCity":"","_VenueCountry":"","_VenueProvince":"","_VenueState":"","_VenueZip":"","_VenuePhone":"","_VenueURL":"","_VenueStateProvince":"","_VenueLat":"","_VenueLng":"","_VenueShowMap":false,"_VenueShowMapLink":false,"footnotes":""},"class_list":["post-6519","page","type-page","status-publish","hentry"],"blocksy_meta":{"styles_descriptor":{"styles":{"desktop":"","tablet":"","mobile":""},"google_fonts":[],"version":6}},"uagb_featured_image_src":{"full":false,"thumbnail":false,"medium":false,"medium_large":false,"large":false,"1536x1536":false,"2048x2048":false},"uagb_author_info":{"display_name":"Daniel Lengwenat","author_link":"https:\/\/aagy.de\/?author=468"},"uagb_comment_info":0,"uagb_excerpt":"Auf dieser Seite finden Sie alle Berichte \u00fcber die bereits etwas l\u00e4nger zur\u00fcckliegenden Sch\u00fcleraustausche: Englandaustausch Juni 2016: Den Bericht finden Sie hier. Frankreichaustausch Dezember 2015: Den Bericht finden Sie hier. [&hellip;]","jetpack_sharing_enabled":true,"_links":{"self":[{"href":"https:\/\/aagy.de\/index.php?rest_route=\/wp\/v2\/pages\/6519","targetHints":{"allow":["GET"]}}],"collection":[{"href":"https:\/\/aagy.de\/index.php?rest_route=\/wp\/v2\/pages"}],"about":[{"href":"https:\/\/aagy.de\/index.php?rest_route=\/wp\/v2\/types\/page"}],"author":[{"embeddable":true,"href":"https:\/\/aagy.de\/index.php?rest_route=\/wp\/v2\/users\/468"}],"replies":[{"embeddable":true,"href":"https:\/\/aagy.de\/index.php?rest_route=%2Fwp%2Fv2%2Fcomments&post=6519"}],"version-history":[{"count":6,"href":"https:\/\/aagy.de\/index.php?rest_route=\/wp\/v2\/pages\/6519\/revisions"}],"predecessor-version":[{"id":6534,"href":"https:\/\/aagy.de\/index.php?rest_route=\/wp\/v2\/pages\/6519\/revisions\/6534"}],"wp:attachment":[{"href":"https:\/\/aagy.de\/index.php?rest_route=%2Fwp%2Fv2%2Fmedia&parent=6519"}],"curies":[{"name":"wp","href":"https:\/\/api.w.org\/{rel}","templated":true}]}}