{"id":5420,"date":"2021-11-30T15:06:31","date_gmt":"2021-11-30T14:06:31","guid":{"rendered":"https:\/\/www.aagy.de\/?page_id=5420"},"modified":"2025-10-21T15:41:32","modified_gmt":"2025-10-21T13:41:32","slug":"schueler-helfen-schuelern","status":"publish","type":"page","link":"https:\/\/aagy.de\/?page_id=5420","title":{"rendered":"Sch\u00fcler helfen Sch\u00fclern"},"content":{"rendered":"<div style=\"text-align:justify\"> Einen komprimierten \u00dcberblick in Form eines Flyers zu <b>&#8222;Sch\u00fcler helfen Sch\u00fclern&#8220;<\/b> findet ihr <a href=\"https:\/\/aagy.de\/wp-content\/uploads\/2025\/10\/SHS_Flyer_2025.pdf\">hier<\/a>.<\/p>\n<p>Im Rahmen des Projekts <b>\u201eSch\u00fcler helfen Sch\u00fclern\u201c<\/b> werden Sch\u00fcler, die Bedarf an Nachhilfe haben, an passende Mentoren, die ihre Ausbildung bei der <em>aim<\/em> abgeschlossen haben, vermittelt. Zu den langfristigen Zielen geh\u00f6rt es, m\u00f6glichst vielen Sch\u00fclerinnen und Sch\u00fclern zu helfen und die Gemeinschaft an unserer Schule zu st\u00e4rken.<\/p>\n<p><center><iframe loading=\"lazy\" width=\"560\" height=\"315\" src=\"https:\/\/www.youtube-nocookie.com\/embed\/VadR73LaA0Q?si=-ghYYAXif7DMiqGh\" title=\"YouTube video player\" frameborder=\"0\" allow=\"accelerometer; autoplay; clipboard-write; encrypted-media; gyroscope; picture-in-picture; web-share\" allowfullscreen=\"\"><\/iframe><\/center><br \/>\nDer im Diagramm unten vorgestellte Ablauf soll euch zur Orientierung dienen, die erw\u00e4hnten Formulare sind unten verlinkt.<br \/>\n&nbsp;<br \/>\n<b>Flussdiagramm:<\/b><\/p>\n<\/div>\n<p><center><br \/>\n<img decoding=\"async\" src=\"https:\/\/aagy.de\/wp-content\/uploads\/2025\/10\/ShS_Prozessvisualisierung.jpg\" style=\"width:70%\"><\/center><\/p>\n<div style=\"text-align:justify\">\n<b>Formulare:<\/b><br \/>\n<a href=\"https:\/\/www.aagy.de\/wp-content\/uploads\/2022\/12\/Anmeldeformular.pdf\">Anmeldeformular<\/a><br \/>\n<a href=\"https:\/\/aagy.de\/wp-content\/uploads\/2025\/10\/Vertrag.pdf\">Vertrag<\/a><br \/>\n<a href=\"https:\/\/aagy.de\/wp-content\/uploads\/2025\/10\/Bankverbindung.pdf\">Bankverbindung f\u00fcr Nachhilfesch\u00fcler<\/a><\/p>\n<p><b>Formulare f\u00fcr Mentoren:<\/b><br \/>\n<a href=\"https:\/\/www.aagy.de\/wp-content\/uploads\/2022\/12\/Dokumentation.pdf\">Dokumentation<\/a><br \/>\n<a href=\"https:\/\/www.aagy.de\/wp-content\/uploads\/2022\/12\/Angaben-Nachhilfelehrer.doc\">Angaben Nachhilfelehrer<\/a><br \/>\n&nbsp;<br \/>\n<b>Nachfolgend geben Sie noch einmal Antworten auf die wichtigsten Fragen:<\/b><\/p>\n<p><b>Was ist \u201eSch\u00fcler helfen Sch\u00fclern\u201c?<\/b><br \/>\nSHS ist ein langfristiges Projekt, wobei besonders j\u00fcngeren Sch\u00fclern und Sch\u00fclerinnen geholfen wird. Sie bekommen einen Sch\u00fclermentor bzw. eine Sch\u00fclermentorin zugeteilt, der\/die ihnen mit Rat und Tat in Sachen Schule zur Seite steht &#8211; ob Haupt- oder Nebenfach, wir k\u00f6nnen den richtigen Mentor bzw. die richtige Mentorin stellen.<\/p>\n<p><b>Wer sind die Sch\u00fclermentor*innen?<\/b><br \/>\nDas sind Sch\u00fclerinnen und Sch\u00fcler des AAGs, die in einer zweit\u00e4gigen Ausbildung die Qualifikation zum Sch\u00fclermentor erworben haben und sich freuen, j\u00fcngeren Sch\u00fclern und j\u00fcngeren Sch\u00fclerinnen zu helfen.<\/p>\n<p><b>Wie viel kostet das und wie wird bezahlt?<\/b><br \/>\nEine Nachhilfestunde (45 Minuten) kostet 5\u20ac. Zwischen Sch\u00fcler*in und Mentor*in l\u00e4uft alles bargeldlos. Nach Einzahlung von 40 \u20ac bekommt der Sch\u00fcler bzw. die Sch\u00fclerin 8 Chips, die sie oder er an den Mentor bzw. an die Mentorin nach jeder abgehaltenen Stunde gibt.<br \/>\n&nbsp;<\/p>\n<p>Solltet auch ihr Nachhilfebedarf haben, scheut euch nicht, Kontakt aufzunehmen: Bei offenen Fragen wendet euch gerne an das Organisationsteam (shs@aagy.de) oder an <em>Frau Kindermann<\/em> (Stephanie.Kindermann@aagy.de).<\/p>\n<\/div>\n","protected":false},"excerpt":{"rendered":"<p>Einen komprimierten \u00dcberblick in Form eines Flyers zu &#8222;Sch\u00fcler helfen Sch\u00fclern&#8220; findet ihr hier. Im Rahmen des Projekts \u201eSch\u00fcler helfen Sch\u00fclern\u201c werden Sch\u00fcler, die Bedarf an Nachhilfe haben, an passende [&hellip;]<\/p>\n","protected":false},"author":3,"featured_media":0,"parent":0,"menu_order":0,"comment_status":"closed","ping_status":"closed","template":"","meta":{"_uag_custom_page_level_css":"","_EventAllDay":false,"_EventTimezone":"","_EventStartDate":"","_EventEndDate":"","_EventStartDateUTC":"","_EventEndDateUTC":"","_EventShowMap":false,"_EventShowMapLink":false,"_EventURL":"","_EventCost":"","_EventCostDescription":"","_EventCurrencySymbol":"","_EventCurrencyCode":"","_EventCurrencyPosition":"","_EventDateTimeSeparator":"","_EventTimeRangeSeparator":"","_EventOrganizerID":[],"_EventVenueID":[],"_OrganizerEmail":"","_OrganizerPhone":"","_OrganizerWebsite":"","_VenueAddress":"","_VenueCity":"","_VenueCountry":"","_VenueProvince":"","_VenueState":"","_VenueZip":"","_VenuePhone":"","_VenueURL":"","_VenueStateProvince":"","_VenueLat":"","_VenueLng":"","_VenueShowMap":false,"_VenueShowMapLink":false,"footnotes":""},"class_list":["post-5420","page","type-page","status-publish","hentry"],"blocksy_meta":{"styles_descriptor":{"styles":{"desktop":"","tablet":"","mobile":""},"google_fonts":[],"version":6}},"uagb_featured_image_src":{"full":false,"thumbnail":false,"medium":false,"medium_large":false,"large":false,"1536x1536":false,"2048x2048":false},"uagb_author_info":{"display_name":"Hz","author_link":"https:\/\/aagy.de\/?author=3"},"uagb_comment_info":0,"uagb_excerpt":"Einen komprimierten \u00dcberblick in Form eines Flyers zu &#8222;Sch\u00fcler helfen Sch\u00fclern&#8220; findet ihr hier. Im Rahmen des Projekts \u201eSch\u00fcler helfen Sch\u00fclern\u201c werden Sch\u00fcler, die Bedarf an Nachhilfe haben, an passende [&hellip;]","jetpack_sharing_enabled":true,"_links":{"self":[{"href":"https:\/\/aagy.de\/index.php?rest_route=\/wp\/v2\/pages\/5420","targetHints":{"allow":["GET"]}}],"collection":[{"href":"https:\/\/aagy.de\/index.php?rest_route=\/wp\/v2\/pages"}],"about":[{"href":"https:\/\/aagy.de\/index.php?rest_route=\/wp\/v2\/types\/page"}],"author":[{"embeddable":true,"href":"https:\/\/aagy.de\/index.php?rest_route=\/wp\/v2\/users\/3"}],"replies":[{"embeddable":true,"href":"https:\/\/aagy.de\/index.php?rest_route=%2Fwp%2Fv2%2Fcomments&post=5420"}],"version-history":[{"count":28,"href":"https:\/\/aagy.de\/index.php?rest_route=\/wp\/v2\/pages\/5420\/revisions"}],"predecessor-version":[{"id":9310,"href":"https:\/\/aagy.de\/index.php?rest_route=\/wp\/v2\/pages\/5420\/revisions\/9310"}],"wp:attachment":[{"href":"https:\/\/aagy.de\/index.php?rest_route=%2Fwp%2Fv2%2Fmedia&parent=5420"}],"curies":[{"name":"wp","href":"https:\/\/api.w.org\/{rel}","templated":true}]}}