{"id":3642,"date":"2019-07-19T08:17:19","date_gmt":"2019-07-19T06:17:19","guid":{"rendered":"https:\/\/www.aagy.de\/wp\/?page_id=3642"},"modified":"2021-10-11T19:04:37","modified_gmt":"2021-10-11T17:04:37","slug":"jugend-trainiert-leichtathletik","status":"publish","type":"page","link":"https:\/\/aagy.de\/?page_id=3642","title":{"rendered":"Leichtathletik"},"content":{"rendered":"<div style=\"text-align: justify\"> Das Kreisfinale in den Leichtathletik-Wettk\u00e4mpfen der Landkreise Ludwigsburg und Heilbronn fand in diesen Tagen in Brackenheim statt. Unter der Betreuung von Sportlehrerin Ingrid Schwahn und den Sportlehrern Roland Hepperle und Christian Efler sowie der unterst\u00fctzenden Sch\u00fcler Theodoros Otta und Kjetil Fischer sammelten die 19 AAG-Jungen und -M\u00e4dchen in den Disziplinen 50 m-Sprint, Hoch- und Weitsprung, Wurf, der Mittelstrecke 800 m und 4&#215;50 m-Staffel Punkte f\u00fcr ihre Mannschaften.<\/p>\n<p>Unter tropischen Bedingungen zeigten die Sch\u00fclerinnen und Sch\u00fcler des Alfred-Amann-Gymnasiums B\u00f6nnigheim gro\u00dfen k\u00e4mpferischen Einsatz und belegten am Ende der Leichtathletik-Wettk\u00e4mpfe bei den Jungen und M\u00e4dchen der Wettkampfklasse IV jeweils den zweiten Platz. Die B\u00f6nnigheimer mussten sich nur den Teams vom Otto-Hahn-Gymnasium Ludwigsburg geschlagen geben.<\/p>\n<p>F\u00fcr das Alfred-Amann-Gymnasium B\u00f6nnigheim kamen zum Einsatz: Mette Altmann, Xenia Glaser, Kim Hellfsgott, Carolin Rembold, Leonie Krestel, Michelle Munk\u00e0sci, Marie Opitz, Leni Stollsteimer, Lenja Strau\u00df, Constanze Vogl, Marla Wei\u00df, Finn Breitkreutz, Levi Brenzinger, Jakob K\u00e4\u00dfmann, Josia Kemmler, Sandro Nigro, Fabian Schmid, Niklas Teutsch und Tim Wonner.<\/p>\n<p>Ef<\/p>\n<p><img decoding=\"async\" src=\"https:\/\/www.aagy.de\/wp-content\/uploads\/2019\/07\/JTFO_2019_LA_2.jpg\"><\/p>\n<\/div>\n","protected":false},"excerpt":{"rendered":"<p>Das Kreisfinale in den Leichtathletik-Wettk\u00e4mpfen der Landkreise Ludwigsburg und Heilbronn fand in diesen Tagen in Brackenheim statt. Unter der Betreuung von Sportlehrerin Ingrid Schwahn und den Sportlehrern Roland Hepperle und [&hellip;]<\/p>\n","protected":false},"author":3,"featured_media":0,"parent":0,"menu_order":0,"comment_status":"closed","ping_status":"closed","template":"","meta":{"_uag_custom_page_level_css":"","_EventAllDay":false,"_EventTimezone":"","_EventStartDate":"","_EventEndDate":"","_EventStartDateUTC":"","_EventEndDateUTC":"","_EventShowMap":false,"_EventShowMapLink":false,"_EventURL":"","_EventCost":"","_EventCostDescription":"","_EventCurrencySymbol":"","_EventCurrencyCode":"","_EventCurrencyPosition":"","_EventDateTimeSeparator":"","_EventTimeRangeSeparator":"","_EventOrganizerID":[],"_EventVenueID":[],"_OrganizerEmail":"","_OrganizerPhone":"","_OrganizerWebsite":"","_VenueAddress":"","_VenueCity":"","_VenueCountry":"","_VenueProvince":"","_VenueState":"","_VenueZip":"","_VenuePhone":"","_VenueURL":"","_VenueStateProvince":"","_VenueLat":"","_VenueLng":"","_VenueShowMap":false,"_VenueShowMapLink":false,"footnotes":""},"class_list":["post-3642","page","type-page","status-publish","hentry"],"blocksy_meta":{"styles_descriptor":{"styles":{"desktop":"","tablet":"","mobile":""},"google_fonts":[],"version":6}},"uagb_featured_image_src":{"full":false,"thumbnail":false,"medium":false,"medium_large":false,"large":false,"1536x1536":false,"2048x2048":false},"uagb_author_info":{"display_name":"Hz","author_link":"https:\/\/aagy.de\/?author=3"},"uagb_comment_info":0,"uagb_excerpt":"Das Kreisfinale in den Leichtathletik-Wettk\u00e4mpfen der Landkreise Ludwigsburg und Heilbronn fand in diesen Tagen in Brackenheim statt. Unter der Betreuung von Sportlehrerin Ingrid Schwahn und den Sportlehrern Roland Hepperle und [&hellip;]","jetpack_sharing_enabled":true,"_links":{"self":[{"href":"https:\/\/aagy.de\/index.php?rest_route=\/wp\/v2\/pages\/3642","targetHints":{"allow":["GET"]}}],"collection":[{"href":"https:\/\/aagy.de\/index.php?rest_route=\/wp\/v2\/pages"}],"about":[{"href":"https:\/\/aagy.de\/index.php?rest_route=\/wp\/v2\/types\/page"}],"author":[{"embeddable":true,"href":"https:\/\/aagy.de\/index.php?rest_route=\/wp\/v2\/users\/3"}],"replies":[{"embeddable":true,"href":"https:\/\/aagy.de\/index.php?rest_route=%2Fwp%2Fv2%2Fcomments&post=3642"}],"version-history":[{"count":3,"href":"https:\/\/aagy.de\/index.php?rest_route=\/wp\/v2\/pages\/3642\/revisions"}],"predecessor-version":[{"id":3651,"href":"https:\/\/aagy.de\/index.php?rest_route=\/wp\/v2\/pages\/3642\/revisions\/3651"}],"wp:attachment":[{"href":"https:\/\/aagy.de\/index.php?rest_route=%2Fwp%2Fv2%2Fmedia&parent=3642"}],"curies":[{"name":"wp","href":"https:\/\/api.w.org\/{rel}","templated":true}]}}