{"id":234,"date":"2015-09-30T10:08:02","date_gmt":"2015-09-30T08:08:02","guid":{"rendered":"http:\/\/129.143.231.234\/wp\/?page_id=234"},"modified":"2018-11-03T17:15:38","modified_gmt":"2018-11-03T16:15:38","slug":"blaeser-ag","status":"publish","type":"page","link":"https:\/\/aagy.de\/?page_id=234","title":{"rendered":"Bl\u00e4ser-AG"},"content":{"rendered":"<div style=\"text-align:justify\"> Die Bl\u00e4ser-AG formiert sich immer erst <strong>kurz vor Weihnachten<\/strong>, um besinnliche St\u00fccke zur Weihnachtszeit einzustudieren; angesprochen sind alle interessierten Sch\u00fclerInnen ab Klasse 7.<\/p>\n<p>Genaueres dazu erfahrt ihr von <em>Herrn Bickel<\/em>.\n<\/div>\n","protected":false},"excerpt":{"rendered":"<p>Die Bl\u00e4ser-AG formiert sich immer erst kurz vor Weihnachten, um besinnliche St\u00fccke zur Weihnachtszeit einzustudieren; angesprochen sind alle interessierten Sch\u00fclerInnen ab Klasse 7. Genaueres dazu erfahrt ihr von Herrn Bickel.<\/p>\n","protected":false},"author":1,"featured_media":0,"parent":0,"menu_order":0,"comment_status":"closed","ping_status":"closed","template":"","meta":{"_uag_custom_page_level_css":"","_EventAllDay":false,"_EventTimezone":"","_EventStartDate":"","_EventEndDate":"","_EventStartDateUTC":"","_EventEndDateUTC":"","_EventShowMap":false,"_EventShowMapLink":false,"_EventURL":"","_EventCost":"","_EventCostDescription":"","_EventCurrencySymbol":"","_EventCurrencyCode":"","_EventCurrencyPosition":"","_EventDateTimeSeparator":"","_EventTimeRangeSeparator":"","_EventOrganizerID":[],"_EventVenueID":[],"_OrganizerEmail":"","_OrganizerPhone":"","_OrganizerWebsite":"","_VenueAddress":"","_VenueCity":"","_VenueCountry":"","_VenueProvince":"","_VenueState":"","_VenueZip":"","_VenuePhone":"","_VenueURL":"","_VenueStateProvince":"","_VenueLat":"","_VenueLng":"","_VenueShowMap":false,"_VenueShowMapLink":false,"footnotes":""},"class_list":["post-234","page","type-page","status-publish","hentry"],"blocksy_meta":{"styles_descriptor":{"styles":{"desktop":"","tablet":"","mobile":""},"google_fonts":[],"version":6}},"uagb_featured_image_src":{"full":false,"thumbnail":false,"medium":false,"medium_large":false,"large":false,"1536x1536":false,"2048x2048":false},"uagb_author_info":{"display_name":"admin","author_link":"https:\/\/aagy.de\/?author=1"},"uagb_comment_info":0,"uagb_excerpt":"Die Bl\u00e4ser-AG formiert sich immer erst kurz vor Weihnachten, um besinnliche St\u00fccke zur Weihnachtszeit einzustudieren; angesprochen sind alle interessierten Sch\u00fclerInnen ab Klasse 7. Genaueres dazu erfahrt ihr von Herrn Bickel.","jetpack_sharing_enabled":true,"_links":{"self":[{"href":"https:\/\/aagy.de\/index.php?rest_route=\/wp\/v2\/pages\/234","targetHints":{"allow":["GET"]}}],"collection":[{"href":"https:\/\/aagy.de\/index.php?rest_route=\/wp\/v2\/pages"}],"about":[{"href":"https:\/\/aagy.de\/index.php?rest_route=\/wp\/v2\/types\/page"}],"author":[{"embeddable":true,"href":"https:\/\/aagy.de\/index.php?rest_route=\/wp\/v2\/users\/1"}],"replies":[{"embeddable":true,"href":"https:\/\/aagy.de\/index.php?rest_route=%2Fwp%2Fv2%2Fcomments&post=234"}],"version-history":[{"count":7,"href":"https:\/\/aagy.de\/index.php?rest_route=\/wp\/v2\/pages\/234\/revisions"}],"predecessor-version":[{"id":3082,"href":"https:\/\/aagy.de\/index.php?rest_route=\/wp\/v2\/pages\/234\/revisions\/3082"}],"wp:attachment":[{"href":"https:\/\/aagy.de\/index.php?rest_route=%2Fwp%2Fv2%2Fmedia&parent=234"}],"curies":[{"name":"wp","href":"https:\/\/api.w.org\/{rel}","templated":true}]}}

Bläser-AG

<div style="text-align:justify"> Die Bläser-AG formiert sich immer erst <strong>kurz vor Weihnachten</strong>, um besinnliche Stücke zur Weihnachtszeit einzustudieren; angesprochen sind alle interessierten SchülerInnen ab Klasse 7.</p>
<p>Genaueres dazu erfahrt ihr von <em>Herrn Bickel</em>.
</div>

<p>Die Bläser-AG formiert sich immer erst kurz vor Weihnachten, um besinnliche Stücke zur Weihnachtszeit einzustudieren; angesprochen sind alle interessierten SchülerInnen ab Klasse 7. Genaueres dazu erfahrt ihr von Herrn Bickel.</p>

Die Bläser-AG formiert sich immer erst kurz vor Weihnachten, um besinnliche Stücke zur Weihnachtszeit einzustudieren; angesprochen sind alle interessierten SchülerInnen ab Klasse 7. Genaueres dazu erfahrt ihr von Herrn Bickel.
