{"id":176,"date":"2015-09-26T21:21:42","date_gmt":"2015-09-26T19:21:42","guid":{"rendered":"http:\/\/129.143.231.234\/wp\/?page_id=176"},"modified":"2025-10-23T17:44:36","modified_gmt":"2025-10-23T15:44:36","slug":"sozialpraktikum","status":"publish","type":"page","link":"https:\/\/aagy.de\/?page_id=176","title":{"rendered":"Sozialpraktikum"},"content":{"rendered":"<div style=\"text-align: justify;\">\n<h3 style=\"text-align: center;\">Termin 2025\/26:<\/h3>\n<div style=\"text-align: center;\"><b>06.07.2026 &#8211; 17.07.2026<\/b><br \/>\n(06. &#038; 17.07. an der Schule: Einf\u00fchrungs- bzw. Auswertungstag)<\/div>\n<h3 style=\"text-align: center;\">Sozialpraktikum am AAG<\/h3>\n<p style=\"text-align: center;\"><span style=\"font-family: Verdana,Tahoma,Arial,Helvetica,sans-serif,sans-serif;\">Im Schuljahr 2008\/2009 wurde am AAG das verpflichtende <\/span><\/p>\n<p><center><span style=\"font-family: Verdana,Tahoma,Arial,Helvetica,sans-serif,sans-serif;\"><b>Sozialpraktikum in Klasse 9 <\/b><\/span><\/p>\n<p><\/center><\/p>\n<p style=\"text-align: center;\"><span style=\"font-family: Verdana,Tahoma,Arial,Helvetica,sans-serif,sans-serif;\">eingef\u00fchrt.<\/span><\/p>\n<p><b>ZIELE DES SOZIALPRAKTIKUMS :<\/b><\/p>\n<ul>\n<li><span style=\"font-family: Verdana,Tahoma,Arial,Helvetica,sans-serif,sans-serif;\">Beitrag zur Wertorientierung und Pers\u00f6nlichkeitsbildung der Sch\u00fclerinnen und Sch\u00fcler<\/span><\/li>\n<li><span style=\"font-family: Verdana,Tahoma,Arial,Helvetica,sans-serif,sans-serif;\">St\u00e4rkung der sozialen Kompetenz der Jugendlichen<\/span><\/li>\n<li><span style=\"font-family: Verdana,Tahoma,Arial,Helvetica,sans-serif,sans-serif;\">fremde Lebenswirklichkeiten kennen lernen<\/span><\/li>\n<li><span style=\"font-family: Verdana,Tahoma,Arial,Helvetica,sans-serif,sans-serif;\">Situationen erleben, die herausfordern <\/span><\/li>\n<li><span style=\"font-family: Verdana,Tahoma,Arial,Helvetica,sans-serif,sans-serif;\">F\u00f6rderung von Teamf\u00e4higkeit<\/span><\/li>\n<li><span style=\"font-family: Verdana,Tahoma,Arial,Helvetica,sans-serif,sans-serif;\">F\u00f6rderung des Einf\u00fchlungsverm\u00f6gens (Empathie)<\/span><\/li>\n<li><span style=\"font-family: Verdana,Tahoma,Arial,Helvetica,sans-serif,sans-serif;\">F\u00f6rderung von Verantwortungsbereitschaft<br \/>\n1. in der Gesellschaft und gegen\u00fcber den Mitmenschen<br \/>\n2. gegen\u00fcber der Umwelt (z.B. bei der Mitarbeit auf einem Biohof)<\/span><\/li>\n<\/ul>\n<h4><strong>Dokumente zum Download:<\/strong><\/h4>\n<p><a href=\"https:\/\/aagy.de\/wp-content\/uploads\/2025\/10\/SP_Infoblatt-Schueler_Eltern-_25_26.pdf\">Infoblatt f\u00fcr Sch\u00fcler und Eltern <\/a><\/p>\n<p><a href=\"https:\/\/aagy.de\/wp-content\/uploads\/2025\/10\/SP_Erklaerung-Eltern-Versicherung_25_26.pdf\">Erkl\u00e4rung der Eltern zur Versicherung<\/a><\/p>\n<p><a href=\"https:\/\/aagy.de\/wp-content\/uploads\/2025\/10\/SP_Bestaetigung-Praktikumsplatz_25_26.pdf\">Best\u00e4tigung eines Praktikumsplatzes.<\/a><\/p>\n<p><a href=\"https:\/\/aagy.de\/wp-content\/uploads\/2025\/10\/SP_Leitfaden-Einrichtungen_25_26.pdf\">Leitfaden f\u00fcr die Einrichtungen<\/a><\/p>\n<p><a href=\"https:\/\/aagy.de\/wp-content\/uploads\/2025\/10\/SP_Letzte-Infos_Schuelerbrief_25_26.pdf\">Letzte Informationen Sch\u00fclerbrief<\/a><\/p>\n<p><a href=\"https:\/\/aagy.de\/wp-content\/uploads\/2025\/10\/SP_Praktikumsmappe_25_26.pdf\">Praktikumsmappe<\/a><\/p>\n<p>Koordiniert wird das Praktikum von <em>Frau Donati<\/em> und <em>Frau Vos<\/em>. Bei eventuellen R\u00fcckfragen stehen sie zu Ihrer Verf\u00fcgung.<\/p>\n<\/div>\n","protected":false},"excerpt":{"rendered":"<p>Termin 2025\/26: 06.07.2026 &#8211; 17.07.2026 (06. &#038; 17.07. an der Schule: Einf\u00fchrungs- bzw. Auswertungstag) Sozialpraktikum am AAG Im Schuljahr 2008\/2009 wurde am AAG das verpflichtende Sozialpraktikum in Klasse 9 eingef\u00fchrt. [&hellip;]<\/p>\n","protected":false},"author":1,"featured_media":0,"parent":0,"menu_order":0,"comment_status":"closed","ping_status":"closed","template":"","meta":{"_uag_custom_page_level_css":"","_EventAllDay":false,"_EventTimezone":"","_EventStartDate":"","_EventEndDate":"","_EventStartDateUTC":"","_EventEndDateUTC":"","_EventShowMap":false,"_EventShowMapLink":false,"_EventURL":"","_EventCost":"","_EventCostDescription":"","_EventCurrencySymbol":"","_EventCurrencyCode":"","_EventCurrencyPosition":"","_EventDateTimeSeparator":"","_EventTimeRangeSeparator":"","_EventOrganizerID":[],"_EventVenueID":[],"_OrganizerEmail":"","_OrganizerPhone":"","_OrganizerWebsite":"","_VenueAddress":"","_VenueCity":"","_VenueCountry":"","_VenueProvince":"","_VenueState":"","_VenueZip":"","_VenuePhone":"","_VenueURL":"","_VenueStateProvince":"","_VenueLat":"","_VenueLng":"","_VenueShowMap":false,"_VenueShowMapLink":false,"footnotes":""},"class_list":["post-176","page","type-page","status-publish","hentry"],"blocksy_meta":{"styles_descriptor":{"styles":{"desktop":"","tablet":"","mobile":""},"google_fonts":[],"version":6}},"uagb_featured_image_src":{"full":false,"thumbnail":false,"medium":false,"medium_large":false,"large":false,"1536x1536":false,"2048x2048":false},"uagb_author_info":{"display_name":"admin","author_link":"https:\/\/aagy.de\/?author=1"},"uagb_comment_info":0,"uagb_excerpt":"Termin 2025\/26: 06.07.2026 &#8211; 17.07.2026 (06. &#038; 17.07. an der Schule: Einf\u00fchrungs- bzw. Auswertungstag) Sozialpraktikum am AAG Im Schuljahr 2008\/2009 wurde am AAG das verpflichtende Sozialpraktikum in Klasse 9 eingef\u00fchrt. [&hellip;]","jetpack_sharing_enabled":true,"_links":{"self":[{"href":"https:\/\/aagy.de\/index.php?rest_route=\/wp\/v2\/pages\/176","targetHints":{"allow":["GET"]}}],"collection":[{"href":"https:\/\/aagy.de\/index.php?rest_route=\/wp\/v2\/pages"}],"about":[{"href":"https:\/\/aagy.de\/index.php?rest_route=\/wp\/v2\/types\/page"}],"author":[{"embeddable":true,"href":"https:\/\/aagy.de\/index.php?rest_route=\/wp\/v2\/users\/1"}],"replies":[{"embeddable":true,"href":"https:\/\/aagy.de\/index.php?rest_route=%2Fwp%2Fv2%2Fcomments&post=176"}],"version-history":[{"count":42,"href":"https:\/\/aagy.de\/index.php?rest_route=\/wp\/v2\/pages\/176\/revisions"}],"predecessor-version":[{"id":9354,"href":"https:\/\/aagy.de\/index.php?rest_route=\/wp\/v2\/pages\/176\/revisions\/9354"}],"wp:attachment":[{"href":"https:\/\/aagy.de\/index.php?rest_route=%2Fwp%2Fv2%2Fmedia&parent=176"}],"curies":[{"name":"wp","href":"https:\/\/api.w.org\/{rel}","templated":true}]}}

<div style="text-align: justify;">
<h3 style="text-align: center;">Termin 2025/26:</h3>
<div style="text-align: center;"><b>06.07.2026 &#8211; 17.07.2026</b><br />
(06. &#038; 17.07. an der Schule: Einführungs- bzw. Auswertungstag)</div>
<h3 style="text-align: center;">Sozialpraktikum am AAG</h3>
<p style="text-align: center;"><span style="font-family: Verdana,Tahoma,Arial,Helvetica,sans-serif,sans-serif;">Im Schuljahr 2008/2009 wurde am AAG das verpflichtende </span></p>
<p><center><span style="font-family: Verdana,Tahoma,Arial,Helvetica,sans-serif,sans-serif;"><b>Sozialpraktikum in Klasse 9 </b></span></p>
<p></center></p>
<p style="text-align: center;"><span style="font-family: Verdana,Tahoma,Arial,Helvetica,sans-serif,sans-serif;">eingeführt.</span></p>
<p><b>ZIELE DES SOZIALPRAKTIKUMS :</b></p>
<ul>
<li><span style="font-family: Verdana,Tahoma,Arial,Helvetica,sans-serif,sans-serif;">Beitrag zur Wertorientierung und Persönlichkeitsbildung der Schülerinnen und Schüler</span></li>
<li><span style="font-family: Verdana,Tahoma,Arial,Helvetica,sans-serif,sans-serif;">Stärkung der sozialen Kompetenz der Jugendlichen</span></li>
<li><span style="font-family: Verdana,Tahoma,Arial,Helvetica,sans-serif,sans-serif;">fremde Lebenswirklichkeiten kennen lernen</span></li>
<li><span style="font-family: Verdana,Tahoma,Arial,Helvetica,sans-serif,sans-serif;">Situationen erleben, die herausfordern </span></li>
<li><span style="font-family: Verdana,Tahoma,Arial,Helvetica,sans-serif,sans-serif;">Förderung von Teamfähigkeit</span></li>
<li><span style="font-family: Verdana,Tahoma,Arial,Helvetica,sans-serif,sans-serif;">Förderung des Einfühlungsvermögens (Empathie)</span></li>
<li><span style="font-family: Verdana,Tahoma,Arial,Helvetica,sans-serif,sans-serif;">Förderung von Verantwortungsbereitschaft<br />
1. in der Gesellschaft und gegenüber den Mitmenschen<br />
2. gegenüber der Umwelt (z.B. bei der Mitarbeit auf einem Biohof)</span></li>
</ul>
<h4><strong>Dokumente zum Download:</strong></h4>
<p><a href="https://aagy.de/wp-content/uploads/2025/10/SP_Infoblatt-Schueler_Eltern-_25_26.pdf">Infoblatt für Schüler und Eltern </a></p>
<p><a href="https://aagy.de/wp-content/uploads/2025/10/SP_Erklaerung-Eltern-Versicherung_25_26.pdf">Erklärung der Eltern zur Versicherung</a></p>
<p><a href="https://aagy.de/wp-content/uploads/2025/10/SP_Bestaetigung-Praktikumsplatz_25_26.pdf">Bestätigung eines Praktikumsplatzes.</a></p>
<p><a href="https://aagy.de/wp-content/uploads/2025/10/SP_Leitfaden-Einrichtungen_25_26.pdf">Leitfaden für die Einrichtungen</a></p>
<p><a href="https://aagy.de/wp-content/uploads/2025/10/SP_Letzte-Infos_Schuelerbrief_25_26.pdf">Letzte Informationen Schülerbrief</a></p>
<p><a href="https://aagy.de/wp-content/uploads/2025/10/SP_Praktikumsmappe_25_26.pdf">Praktikumsmappe</a></p>
<p>Koordiniert wird das Praktikum von <em>Frau Donati</em> und <em>Frau Vos</em>. Bei eventuellen Rückfragen stehen sie zu Ihrer Verfügung.</p>
</div>

<p>Termin 2025/26: 06.07.2026 &#8211; 17.07.2026 (06. &#038; 17.07. an der Schule: Einführungs- bzw. Auswertungstag) Sozialpraktikum am AAG Im Schuljahr 2008/2009 wurde am AAG das verpflichtende Sozialpraktikum in Klasse 9 eingeführt. [&hellip;]</p>

Termin 2025/26: 06.07.2026 &#8211; 17.07.2026 (06. &#038; 17.07. an der Schule: Einführungs- bzw. Auswertungstag) Sozialpraktikum am AAG Im Schuljahr 2008/2009 wurde am AAG das verpflichtende Sozialpraktikum in Klasse 9 eingeführt. [&hellip;]
