{"id":111,"date":"2015-09-23T14:23:42","date_gmt":"2015-09-23T12:23:42","guid":{"rendered":"http:\/\/129.143.231.234\/wp\/?page_id=111"},"modified":"2021-02-03T11:47:14","modified_gmt":"2021-02-03T10:47:14","slug":"kooperation-wirtschaft","status":"publish","type":"page","link":"https:\/\/aagy.de\/?page_id=111","title":{"rendered":"Kooperation Wirtschaft"},"content":{"rendered":"<div style=\"text-align:justify\">\n<h3>Zusammenarbeit Schule und Wirtschaft<\/h3>\n<p>Das Alfred-Amann-Gymnasium pflegt gute Kontakte zur lokalen, regionalen und \u00fcberregionalen Industrie und Wirtschaft.<\/p>\n<p>Eine S\u00e4ule dieser Kontakte sind Bildungspartnerschaften. Bereits seit mehreren Jahren pflegen wir eine solche Partnerschaft mit der <strong>VR-Bank Neckar-Enz e.G.<\/strong>, welche unser Schulleben mit mehreren Aktivit\u00e4ten unterst\u00fctzt und mitgestaltet. Die Teilnahme unserer Sch\u00fcler an einem j\u00e4hrlich durchgef\u00fchrten professionellen Berufsnavigator, Bewerbertraining durch qualifizierte Bankmitarbeiter, welche zu uns in die Schule kommen, Pl\u00e4tze zur Berufsorientierung (BOGY) und anderen Praktika sowie das Sponsoring ausgew\u00e4hlter Sch\u00fclerprojekte und die Auslobung von Abiturientenpreisen sind Beispiele f\u00fcr die Unterst\u00fctzung, welche wir durch diese Partnerschaft erfahren.<\/p>\n<p>Eine noch junge Bildungspartnerschaft mit der <strong>Firma Staiger GmbH &amp; Co. KG<\/strong> aus Erligheim sowie eine neue Partnerschaft mit unserem urspr\u00fcnglichen Namensgeber, der heutigen <strong>AMANN-Group<\/strong>, erweitern unsere M\u00f6glichkeiten, unseren Sch\u00fclern fr\u00fchzeitig und unterrichtsbegleitend Einblicke in die Praxis des Arbeitslebens zu vermitteln. Umgekehrt bieten sich durch diese Schulpartnerschaften auch den Unternehmen M\u00f6glichkeiten, qualifizierten Nachwuchs direkt ansprechen und f\u00f6rdern zu k\u00f6nnen.<\/p>\n<p>Eine zweite S\u00e4ule stellt unsere j\u00e4hrliche Berufsvorstellung f\u00fcr alle Sch\u00fclerInnen unserer zehnten Klassen dar. Zu dieser Veranstaltung laden wir Vertreter aus regionalen Industrie- und Dienstleistungsunternehmen ein, welche \u00fcber Ausbildungs- und Studieng\u00e4nge, Arbeitsplatzgestaltung, Karrierem\u00f6glichkeiten, aber auch Grenzen informieren und unseren Sch\u00fclerInnen in kleineren Gruppen Fragen beantworten und Ratschl\u00e4ge geben k\u00f6nnen.<\/p>\n<p>In Zusammenarbeit mit lokalen oder regionalen Gastronomiebetrieben f\u00fchren wir j\u00e4hrlich ein \u201eKnigge-Projekt\u201c durch, welches die zu den \u201esoft skills\u201c geh\u00f6renden \u201eBenimm\u201c-Regeln vermittelt.<\/p>\n<p>Schlie\u00dflich besuchen die Kolleginnen und Kollegen unsere Sch\u00fclerinnen und Sch\u00fcler direkt bei ihren \u201eArbeitgebern\u201c in der BOGY-Woche. Auch dadurch sind inzwischen schon regelm\u00e4\u00dfige und langj\u00e4hrige Kontakte zur heimischen Wirtschaft entstanden, die unseren Sch\u00fclern zugute kommen.<\/p>\n<h3>Neue Schulpartnerschaft besiegelt (April 2016)<\/h3>\n<p>Am 13. April 2016 konnte durch beidseitige Unterschriften unter den Partnerschaftsvertrag die neue Schulpartnerschaft des Alfred-Amann-Gymnasiums B\u00f6nnigheim mit der Firma Staiger GmbH &amp; Co. KG Erligheim nun offiziell an den Start gehen. Vorbereitet wurde diese Vereinbarung durch Kontakte und Gespr\u00e4che bereits im Verlauf des letzten Jahres.<\/p>\n<p>Die Schule freut sich, mit dieser neuen Verbindung den Sch\u00fclerinnen und Sch\u00fclern weitere Unterst\u00fctzung bei der Berufs- und Studienorientierung bieten zu k\u00f6nnen. BOGY und andere Formen von Praktika sollen ebenso erm\u00f6glicht werden wie Betriebsbesichtigungen und professionelles Bewerbertraining. Im Gegenzug erhofft sich die Firma Staiger gute Kontakte zu jungen und qualifikationswilligen und \u2013f\u00e4higen Menschen, die sie in Ausbildung und Berufsfindung unterst\u00fctzen kann, und \u2013 ganz praktisch \u2013 die Unterst\u00fctzung bei der internen Mitarbeiterqualifikation. Die Vorbereitung und Ausgestaltung der einzelnen Ma\u00dfnahmen wird zwischen der Personalabteilung der Firma Staiger und Schulleitung sowie BOGY-Verantwortlichen der Schule organisiert.<\/p>\n<p>Die Unterzeichnungszeremonie wurde durch eine anschauliche und informative Betriebsf\u00fchrung durch den Gesch\u00e4ftsf\u00fchrer pers\u00f6nlich abgerundet.<\/p>\n<p><a href=\"https:\/\/www.aagy.de\/wp-content\/uploads\/2015\/09\/Bildungspartnerschaft_Staiger-e1461346334252.jpg\" rel=\"attachment wp-att-1299\"><img loading=\"lazy\" decoding=\"async\" class=\"alignnone size-full wp-image-1299\" src=\"https:\/\/www.aagy.de\/wp-content\/uploads\/2015\/09\/Bildungspartnerschaft_Staiger-e1461346334252.jpg\" alt=\"Bildungspartnerschaft_Staiger\" width=\"500\" height=\"375\"><\/a><br \/>\n<em>sitzend (v.l.) Marc Staiger (Gesch\u00e4ftsf\u00fchrer der Fa. Staiger), Achim Salomon (Schulleiter des AAG)<br \/>\nstehend (v.l.) Sandra Holz (Personalentwicklung Fa. Staiger), Gotthilf Elser (damaliger BOGY-Beauftragter), Maria Nilius (damaliges BOGY-Team), Michael Kugel (damaliger stv. Schulleiter)<\/em><\/p>\n<h3>Presseerkl\u00e4rung zur Bildungspartnerschaft mit der AMANN Group am 1. Juni 2016<\/h3>\n<p>Bildungspartnerschaften zwischen Unternehmen aus Industrie und Wirtschaft einerseits und Schulen andererseits werden immer wichtiger in einer Zeit, in der junge Menschen immer mehr Jahre in der Schule mit einer vorwiegend theoretischen Ausbildung verbringen. Unternehmen vermissen bei den Absolventen oftmals die erforderlichen Kompetenzen und entsprechende Einstellungen f\u00fcr das Berufsleben.<\/p>\n<p>Die Schulen, vor allem die Gymnasien, in denen die Sch\u00fcler viele Jahre ihres Lebens vorwiegend theoretische Kenntnisse erwerben, w\u00fcnschen sich mehr direkte Unterst\u00fctzung bei ihren Programmen f\u00fcr die Berufsorientierung junger Menschen (BOGY).<\/p>\n<p>Eine Bildungspartnerschaft bietet hier zahlreiche M\u00f6glichkeiten: Betriebsbesichtigungen, Berufsorientierungen (BOGY), Praktika in verschiedenen Bereichen eines Unternehmens bis hin zu Dualen Studieng\u00e4ngen. Unternehmen k\u00f6nnen die Partnerschaft zus\u00e4tzlich bereichern durch Auslobung von Preisen f\u00fcr besondere Leistungen oder Sponsoring geeigneter Projekte. Durch den direkten Kontakt zu qualifizierten jungen Menschen haben sie zugleich fr\u00fchzeitige Auswahlm\u00f6glichkeiten f\u00fcr geeigneten Nachwuchs.<\/p>\n<p>Besonders erfreulich ist der Abschluss des Partnerschaftsvertrages zwischen der <strong>AMANN Group<\/strong> und dem B\u00f6nnigheimer Alfred-Amann-Gymnasium &#8211; schon die Namen machen die Verbindung deutlich. Schlie\u00dflich war es der Sohn des Firmengr\u00fcnders Alois Amann, Alfred Amann, der das Alfred-Amann-Gymnasium stiftete und somit zum Namensgeber der Schule wurde.<\/p>\n<p>Dem Gesch\u00e4ftsf\u00fchrer Wolfgang Findeis ist dabei insbesondere wichtig, dass durch die unterschiedlichen Angebote im Rahmen der Bildungskooperation wie z. B. Bewerbungstrainings und Berufsvorstellungen die Sch\u00fclerinnen und Sch\u00fcler die M\u00f6glichkeit haben, einen Einblick in die Wirtschaft und die praktische Arbeitswelt zu erlangen und ihnen in ihrem Berufsfindungsprozess bzw. ihrer Studienauswahl mit Rat und Tat zur Seite zu stehen. Auch Expertengespr\u00e4che und Betriebsbesichtigungen sieht er als sehr gute M\u00f6glichkeit, den Sch\u00fclern einen Eindruck von einem Industriebetrieb zu vermitteln.<\/p>\n<p>Dar\u00fcber hinaus sind sowohl die AMANN Group als auch das Alfred-Amann-Gymnasium davon \u00fcberzeugt, dass diese Partnerschaft eine \u201ewin-win-Situation\u201c f\u00fcr beide Seiten darstellt.<\/p>\n<p>Das Unternehmen m\u00f6chte am \u201eMutterstandort\u201c B\u00f6nnigheim, als einer der gr\u00f6\u00dften lokalen Arbeitgeber, Verantwortung \u00fcbernehmen und auch seine regionale Verwurzelung betonen. Ebenfalls soll schon fr\u00fchzeitig ein guter und enger Kontakt zu den Sch\u00fclern aufgebaut werden, um so langfristig qualifizierte Mitarbeiter gewinnen zu.<\/p>\n<p>Beide Partner freuen sich auf eine langj\u00e4hrige, gewinnbringende und konstruktive Zusammenarbeit, die sicherlich f\u00fcr beide Seiten lehrreiche Aspekte bietet.<\/p>\n<p><a href=\"https:\/\/www.aagy.de\/wp-content\/uploads\/2015\/09\/Bildungspartnerschaft_Amann_Gymnasium.jpg\" rel=\"attachment wp-att-1526\"><img loading=\"lazy\" decoding=\"async\" class=\"alignnone wp-image-1526\" src=\"https:\/\/www.aagy.de\/wp-content\/uploads\/2015\/09\/Bildungspartnerschaft_Amann_Gymnasium.jpg\" alt=\"bildungspartnerschaft_amann_gymnasium\" width=\"544\" height=\"427\" srcset=\"https:\/\/aagy.de\/wp-content\/uploads\/2015\/09\/Bildungspartnerschaft_Amann_Gymnasium.jpg 1228w, https:\/\/aagy.de\/wp-content\/uploads\/2015\/09\/Bildungspartnerschaft_Amann_Gymnasium-300x236.jpg 300w, https:\/\/aagy.de\/wp-content\/uploads\/2015\/09\/Bildungspartnerschaft_Amann_Gymnasium-768x603.jpg 768w, https:\/\/aagy.de\/wp-content\/uploads\/2015\/09\/Bildungspartnerschaft_Amann_Gymnasium-1024x804.jpg 1024w, https:\/\/aagy.de\/wp-content\/uploads\/2015\/09\/Bildungspartnerschaft_Amann_Gymnasium-600x471.jpg 600w\" sizes=\"auto, (max-width: 544px) 100vw, 544px\" \/><\/a><br \/>\n<em>Wolfgang Findeis (Gesch\u00e4ftsf\u00fchrer der AMANN Group), Christoph Opitz, Rebecca Semmler (ehemalige Sch\u00fcler des AAG und Mitarbeiter der AMANN Group), Achim Salomon (Schulleiter des AAG)<\/em><\/p>\n<\/div>\n","protected":false},"excerpt":{"rendered":"<p>Zusammenarbeit Schule und Wirtschaft Das Alfred-Amann-Gymnasium pflegt gute Kontakte zur lokalen, regionalen und \u00fcberregionalen Industrie und Wirtschaft. Eine S\u00e4ule dieser Kontakte sind Bildungspartnerschaften. Bereits seit mehreren Jahren pflegen wir eine [&hellip;]<\/p>\n","protected":false},"author":1,"featured_media":0,"parent":0,"menu_order":0,"comment_status":"closed","ping_status":"closed","template":"","meta":{"_uag_custom_page_level_css":"","_EventAllDay":false,"_EventTimezone":"","_EventStartDate":"","_EventEndDate":"","_EventStartDateUTC":"","_EventEndDateUTC":"","_EventShowMap":false,"_EventShowMapLink":false,"_EventURL":"","_EventCost":"","_EventCostDescription":"","_EventCurrencySymbol":"","_EventCurrencyCode":"","_EventCurrencyPosition":"","_EventDateTimeSeparator":"","_EventTimeRangeSeparator":"","_EventOrganizerID":[],"_EventVenueID":[],"_OrganizerEmail":"","_OrganizerPhone":"","_OrganizerWebsite":"","_VenueAddress":"","_VenueCity":"","_VenueCountry":"","_VenueProvince":"","_VenueState":"","_VenueZip":"","_VenuePhone":"","_VenueURL":"","_VenueStateProvince":"","_VenueLat":"","_VenueLng":"","_VenueShowMap":false,"_VenueShowMapLink":false,"footnotes":""},"class_list":["post-111","page","type-page","status-publish","hentry"],"blocksy_meta":{"styles_descriptor":{"styles":{"desktop":"","tablet":"","mobile":""},"google_fonts":[],"version":6}},"uagb_featured_image_src":{"full":false,"thumbnail":false,"medium":false,"medium_large":false,"large":false,"1536x1536":false,"2048x2048":false},"uagb_author_info":{"display_name":"admin","author_link":"https:\/\/aagy.de\/?author=1"},"uagb_comment_info":0,"uagb_excerpt":"Zusammenarbeit Schule und Wirtschaft Das Alfred-Amann-Gymnasium pflegt gute Kontakte zur lokalen, regionalen und \u00fcberregionalen Industrie und Wirtschaft. Eine S\u00e4ule dieser Kontakte sind Bildungspartnerschaften. Bereits seit mehreren Jahren pflegen wir eine [&hellip;]","jetpack_sharing_enabled":true,"_links":{"self":[{"href":"https:\/\/aagy.de\/index.php?rest_route=\/wp\/v2\/pages\/111","targetHints":{"allow":["GET"]}}],"collection":[{"href":"https:\/\/aagy.de\/index.php?rest_route=\/wp\/v2\/pages"}],"about":[{"href":"https:\/\/aagy.de\/index.php?rest_route=\/wp\/v2\/types\/page"}],"author":[{"embeddable":true,"href":"https:\/\/aagy.de\/index.php?rest_route=\/wp\/v2\/users\/1"}],"replies":[{"embeddable":true,"href":"https:\/\/aagy.de\/index.php?rest_route=%2Fwp%2Fv2%2Fcomments&post=111"}],"version-history":[{"count":14,"href":"https:\/\/aagy.de\/index.php?rest_route=\/wp\/v2\/pages\/111\/revisions"}],"predecessor-version":[{"id":4074,"href":"https:\/\/aagy.de\/index.php?rest_route=\/wp\/v2\/pages\/111\/revisions\/4074"}],"wp:attachment":[{"href":"https:\/\/aagy.de\/index.php?rest_route=%2Fwp%2Fv2%2Fmedia&parent=111"}],"curies":[{"name":"wp","href":"https:\/\/api.w.org\/{rel}","templated":true}]}}